{"id":1346,"date":"2024-04-28T14:26:39","date_gmt":"2024-04-28T12:26:39","guid":{"rendered":"http:\/\/speak-with-engineer.pl\/?page_id=1346"},"modified":"2024-08-21T15:14:05","modified_gmt":"2024-08-21T13:14:05","slug":"about-mobility-2024","status":"publish","type":"page","link":"http:\/\/speak-with-engineer.pl\/index.php\/home\/about-mobility-2024\/","title":{"rendered":"Results Mobility 2024"},"content":{"rendered":"\t\t<div data-elementor-type=\"wp-page\" data-elementor-id=\"1346\" class=\"elementor elementor-1346\">\n\t\t\t\t<div class=\"elementor-element elementor-element-95f1b12 e-flex e-con-boxed wpr-particle-no wpr-jarallax-no wpr-parallax-no wpr-sticky-section-no e-con e-parent\" data-id=\"95f1b12\" data-element_type=\"container\">\n\t\t\t\t\t<div class=\"e-con-inner\">\n\t\t\t\t\t<\/div>\n\t\t\t\t<\/div>\n\t\t<div class=\"elementor-element elementor-element-4af3692 e-flex e-con-boxed wpr-particle-no wpr-jarallax-no wpr-parallax-no wpr-sticky-section-no e-con e-parent\" data-id=\"4af3692\" data-element_type=\"container\">\n\t\t\t\t\t<div class=\"e-con-inner\">\n\t\t\t\t<div class=\"elementor-element elementor-element-54c8272 elementor-widget elementor-widget-image\" data-id=\"54c8272\" data-element_type=\"widget\" data-widget_type=\"image.default\">\n\t\t\t\t<div class=\"elementor-widget-container\">\n\t\t\t\t\t\t\t\t\t\t\t\t\t\t\t<img decoding=\"async\" width=\"300\" height=\"61\" src=\"http:\/\/speak-with-engineer.pl\/wp-content\/uploads\/2024\/04\/images-3-e1714307392741.jpg\" class=\"attachment-large size-large wp-image-955\" alt=\"\" \/>\t\t\t\t\t\t\t\t\t\t\t\t\t\t\t<\/div>\n\t\t\t\t<\/div>\n\t\t\t\t<div class=\"elementor-element elementor-element-233c846 elementor-widget elementor-widget-heading\" data-id=\"233c846\" data-element_type=\"widget\" data-widget_type=\"heading.default\">\n\t\t\t\t<div class=\"elementor-widget-container\">\n\t\t\t\t\t<h2 class=\"elementor-heading-title elementor-size-default\">Rozw\u00f3j przedsi\u0119biorczo\u015bci na bazie\npotencja\u0142u regionalnego\nw Europie - BLOG<\/h2>\t\t\t\t<\/div>\n\t\t\t\t<\/div>\n\t\t\t\t\t<\/div>\n\t\t\t\t<\/div>\n\t\t<div class=\"elementor-element elementor-element-a4344d8 e-flex e-con-boxed wpr-particle-no wpr-jarallax-no wpr-parallax-no wpr-sticky-section-no e-con e-parent\" data-id=\"a4344d8\" data-element_type=\"container\">\n\t\t\t\t\t<div class=\"e-con-inner\">\n\t\t<div class=\"elementor-element elementor-element-880feb3 e-con-full e-flex wpr-particle-no wpr-jarallax-no wpr-parallax-no wpr-sticky-section-no e-con e-child\" data-id=\"880feb3\" data-element_type=\"container\">\n\t\t\t\t<div class=\"elementor-element elementor-element-2292720 elementor-widget elementor-widget-image\" data-id=\"2292720\" data-element_type=\"widget\" data-widget_type=\"image.default\">\n\t\t\t\t<div class=\"elementor-widget-container\">\n\t\t\t\t\t\t\t\t\t\t\t\t\t\t\t\t<a href=\"http:\/\/speak-with-engineer.pl\/index.php\/2024\/04\/15\/mechanika-dla-przyszlosci-innowacyjne-rozwiazania\/\">\n\t\t\t\t\t\t\t<img fetchpriority=\"high\" decoding=\"async\" width=\"345\" height=\"146\" src=\"http:\/\/speak-with-engineer.pl\/wp-content\/uploads\/2024\/04\/pobrane-5.jpg\" class=\"attachment-large size-large wp-image-920\" alt=\"\" srcset=\"http:\/\/speak-with-engineer.pl\/wp-content\/uploads\/2024\/04\/pobrane-5.jpg 345w, http:\/\/speak-with-engineer.pl\/wp-content\/uploads\/2024\/04\/pobrane-5-300x127.jpg 300w\" sizes=\"(max-width: 345px) 100vw, 345px\" \/>\t\t\t\t\t\t\t\t<\/a>\n\t\t\t\t\t\t\t\t\t\t\t\t\t\t\t<\/div>\n\t\t\t\t<\/div>\n\t\t\t\t<div class=\"elementor-element elementor-element-9e0b956 elementor-widget elementor-widget-text-editor\" data-id=\"9e0b956\" data-element_type=\"widget\" data-widget_type=\"text-editor.default\">\n\t\t\t\t<div class=\"elementor-widget-container\">\n\t\t\t\t\t\t\t\t\t<p>Mechanika Przysz\u0142o\u015bci<\/p>\t\t\t\t\t\t\t\t<\/div>\n\t\t\t\t<\/div>\n\t\t\t\t<\/div>\n\t\t<div class=\"elementor-element elementor-element-526cf25 e-con-full e-flex wpr-particle-no wpr-jarallax-no wpr-parallax-no wpr-sticky-section-no e-con e-child\" data-id=\"526cf25\" data-element_type=\"container\">\n\t\t\t\t<div class=\"elementor-element elementor-element-1556798 elementor-widget elementor-widget-image\" data-id=\"1556798\" data-element_type=\"widget\" data-widget_type=\"image.default\">\n\t\t\t\t<div class=\"elementor-widget-container\">\n\t\t\t\t\t\t\t\t\t\t\t\t\t\t\t\t<a href=\"http:\/\/speak-with-engineer.pl\/index.php\/2024\/04\/15\/elementor-1159\/\">\n\t\t\t\t\t\t\t<img decoding=\"async\" width=\"300\" height=\"168\" src=\"http:\/\/speak-with-engineer.pl\/wp-content\/uploads\/2024\/04\/pobrane-3-2.jpg\" class=\"attachment-large size-large wp-image-915\" alt=\"\" \/>\t\t\t\t\t\t\t\t<\/a>\n\t\t\t\t\t\t\t\t\t\t\t\t\t\t\t<\/div>\n\t\t\t\t<\/div>\n\t\t\t\t<div class=\"elementor-element elementor-element-64a9a79 elementor-widget elementor-widget-text-editor\" data-id=\"64a9a79\" data-element_type=\"widget\" data-widget_type=\"text-editor.default\">\n\t\t\t\t<div class=\"elementor-widget-container\">\n\t\t\t\t\t\t\t\t\t<p>Mechanicy w Grecji i w Polsce<\/p>\t\t\t\t\t\t\t\t<\/div>\n\t\t\t\t<\/div>\n\t\t\t\t<\/div>\n\t\t<div class=\"elementor-element elementor-element-7dc2a0e e-con-full e-flex wpr-particle-no wpr-jarallax-no wpr-parallax-no wpr-sticky-section-no e-con e-child\" data-id=\"7dc2a0e\" data-element_type=\"container\">\n\t\t\t\t<div class=\"elementor-element elementor-element-3408d04 elementor-widget elementor-widget-image\" data-id=\"3408d04\" data-element_type=\"widget\" data-widget_type=\"image.default\">\n\t\t\t\t<div class=\"elementor-widget-container\">\n\t\t\t\t\t\t\t\t\t\t\t\t\t\t\t\t<a href=\"http:\/\/speak-with-engineer.pl\/index.php\/2024\/04\/15\/elementor-1090\/\">\n\t\t\t\t\t\t\t<img loading=\"lazy\" decoding=\"async\" width=\"800\" height=\"533\" src=\"http:\/\/speak-with-engineer.pl\/wp-content\/uploads\/2024\/04\/dd0d9ec9f36353e506a20c2ab48405a1.webp\" class=\"attachment-large size-large wp-image-922\" alt=\"\" srcset=\"http:\/\/speak-with-engineer.pl\/wp-content\/uploads\/2024\/04\/dd0d9ec9f36353e506a20c2ab48405a1.webp 930w, http:\/\/speak-with-engineer.pl\/wp-content\/uploads\/2024\/04\/dd0d9ec9f36353e506a20c2ab48405a1-300x200.webp 300w, http:\/\/speak-with-engineer.pl\/wp-content\/uploads\/2024\/04\/dd0d9ec9f36353e506a20c2ab48405a1-768x512.webp 768w, http:\/\/speak-with-engineer.pl\/wp-content\/uploads\/2024\/04\/dd0d9ec9f36353e506a20c2ab48405a1-900x600.webp 900w\" sizes=\"(max-width: 800px) 100vw, 800px\" \/>\t\t\t\t\t\t\t\t<\/a>\n\t\t\t\t\t\t\t\t\t\t\t\t\t\t\t<\/div>\n\t\t\t\t<\/div>\n\t\t\t\t<div class=\"elementor-element elementor-element-21bf3a7 elementor-widget elementor-widget-text-editor\" data-id=\"21bf3a7\" data-element_type=\"widget\" data-widget_type=\"text-editor.default\">\n\t\t\t\t<div class=\"elementor-widget-container\">\n\t\t\t\t\t\t\t\t\t<p>Sklepy internetowe a tradycyjne<\/p>\t\t\t\t\t\t\t\t<\/div>\n\t\t\t\t<\/div>\n\t\t\t\t<\/div>\n\t\t<div class=\"elementor-element elementor-element-fc4c122 e-con-full e-flex wpr-particle-no wpr-jarallax-no wpr-parallax-no wpr-sticky-section-no e-con e-child\" data-id=\"fc4c122\" data-element_type=\"container\">\n\t\t\t\t<div class=\"elementor-element elementor-element-f89fcd4 elementor-widget elementor-widget-image\" data-id=\"f89fcd4\" data-element_type=\"widget\" data-widget_type=\"image.default\">\n\t\t\t\t<div class=\"elementor-widget-container\">\n\t\t\t\t\t\t\t\t\t\t\t\t\t\t\t\t<a href=\"http:\/\/speak-with-engineer.pl\/index.php\/2024\/04\/10\/ekonomia-finansow\/\">\n\t\t\t\t\t\t\t<img loading=\"lazy\" decoding=\"async\" width=\"626\" height=\"424\" src=\"http:\/\/speak-with-engineer.pl\/wp-content\/uploads\/2024\/04\/wieza-zlotych-monet-na-niebieskim-tle-z-miejsca-na-kopie_356877-399.avif\" class=\"attachment-large size-large wp-image-949\" alt=\"\" srcset=\"http:\/\/speak-with-engineer.pl\/wp-content\/uploads\/2024\/04\/wieza-zlotych-monet-na-niebieskim-tle-z-miejsca-na-kopie_356877-399.avif 626w, http:\/\/speak-with-engineer.pl\/wp-content\/uploads\/2024\/04\/wieza-zlotych-monet-na-niebieskim-tle-z-miejsca-na-kopie_356877-399-300x203.avif 300w\" sizes=\"(max-width: 626px) 100vw, 626px\" \/>\t\t\t\t\t\t\t\t<\/a>\n\t\t\t\t\t\t\t\t\t\t\t\t\t\t\t<\/div>\n\t\t\t\t<\/div>\n\t\t\t\t<div class=\"elementor-element elementor-element-b44b878 elementor-widget elementor-widget-text-editor\" data-id=\"b44b878\" data-element_type=\"widget\" data-widget_type=\"text-editor.default\">\n\t\t\t\t<div class=\"elementor-widget-container\">\n\t\t\t\t\t\t\t\t\t<p>Ekonomia Finans\u00f3w<\/p>\t\t\t\t\t\t\t\t<\/div>\n\t\t\t\t<\/div>\n\t\t\t\t<\/div>\n\t\t<div class=\"elementor-element elementor-element-fe26b06 e-con-full e-flex wpr-particle-no wpr-jarallax-no wpr-parallax-no wpr-sticky-section-no e-con e-child\" data-id=\"fe26b06\" data-element_type=\"container\">\n\t\t\t\t<div class=\"elementor-element elementor-element-14699d5 elementor-widget elementor-widget-image\" data-id=\"14699d5\" data-element_type=\"widget\" data-widget_type=\"image.default\">\n\t\t\t\t<div class=\"elementor-widget-container\">\n\t\t\t\t\t\t\t\t\t\t\t\t\t\t\t\t<a href=\"http:\/\/speak-with-engineer.pl\/index.php\/2024\/04\/10\/ekonomia-rozwoju\/\">\n\t\t\t\t\t\t\t<img loading=\"lazy\" decoding=\"async\" width=\"800\" height=\"525\" src=\"http:\/\/speak-with-engineer.pl\/wp-content\/uploads\/2024\/04\/1.webp\" class=\"attachment-large size-large wp-image-907\" alt=\"\" srcset=\"http:\/\/speak-with-engineer.pl\/wp-content\/uploads\/2024\/04\/1.webp 1020w, http:\/\/speak-with-engineer.pl\/wp-content\/uploads\/2024\/04\/1-300x197.webp 300w, http:\/\/speak-with-engineer.pl\/wp-content\/uploads\/2024\/04\/1-768x504.webp 768w, http:\/\/speak-with-engineer.pl\/wp-content\/uploads\/2024\/04\/1-900x591.webp 900w\" sizes=\"(max-width: 800px) 100vw, 800px\" \/>\t\t\t\t\t\t\t\t<\/a>\n\t\t\t\t\t\t\t\t\t\t\t\t\t\t\t<\/div>\n\t\t\t\t<\/div>\n\t\t\t\t<div class=\"elementor-element elementor-element-d969faa elementor-widget elementor-widget-text-editor\" data-id=\"d969faa\" data-element_type=\"widget\" data-widget_type=\"text-editor.default\">\n\t\t\t\t<div class=\"elementor-widget-container\">\n\t\t\t\t\t\t\t\t\t<p>Ekonomia Rozwoju<\/p>\t\t\t\t\t\t\t\t<\/div>\n\t\t\t\t<\/div>\n\t\t\t\t<\/div>\n\t\t<div class=\"elementor-element elementor-element-31af416 e-con-full e-flex wpr-particle-no wpr-jarallax-no wpr-parallax-no wpr-sticky-section-no e-con e-child\" data-id=\"31af416\" data-element_type=\"container\">\n\t\t\t\t<div class=\"elementor-element elementor-element-4ce14b7 elementor-widget elementor-widget-image\" data-id=\"4ce14b7\" data-element_type=\"widget\" data-widget_type=\"image.default\">\n\t\t\t\t<div class=\"elementor-widget-container\">\n\t\t\t\t\t\t\t\t\t\t\t\t\t\t\t\t<a href=\"http:\/\/speak-with-engineer.pl\/index.php\/2024\/04\/10\/energia-odnawialna-grecja-glogow\/\">\n\t\t\t\t\t\t\t<img loading=\"lazy\" decoding=\"async\" width=\"598\" height=\"305\" src=\"http:\/\/speak-with-engineer.pl\/wp-content\/uploads\/2024\/04\/panele.png\" class=\"attachment-large size-large wp-image-1015\" alt=\"\" srcset=\"http:\/\/speak-with-engineer.pl\/wp-content\/uploads\/2024\/04\/panele.png 598w, http:\/\/speak-with-engineer.pl\/wp-content\/uploads\/2024\/04\/panele-300x153.png 300w\" sizes=\"(max-width: 598px) 100vw, 598px\" \/>\t\t\t\t\t\t\t\t<\/a>\n\t\t\t\t\t\t\t\t\t\t\t\t\t\t\t<\/div>\n\t\t\t\t<\/div>\n\t\t\t\t<div class=\"elementor-element elementor-element-2da8f2e elementor-widget elementor-widget-text-editor\" data-id=\"2da8f2e\" data-element_type=\"widget\" data-widget_type=\"text-editor.default\">\n\t\t\t\t<div class=\"elementor-widget-container\">\n\t\t\t\t\t\t\t\t\t<p>Energia Odnawialna<\/p>\t\t\t\t\t\t\t\t<\/div>\n\t\t\t\t<\/div>\n\t\t\t\t<\/div>\n\t\t\t\t\t<\/div>\n\t\t\t\t<\/div>\n\t\t<div class=\"elementor-element elementor-element-006cbfd e-flex e-con-boxed wpr-particle-no wpr-jarallax-no wpr-parallax-no wpr-sticky-section-no e-con e-parent\" data-id=\"006cbfd\" data-element_type=\"container\">\n\t\t\t\t\t<div class=\"e-con-inner\">\n\t\t<div class=\"elementor-element elementor-element-344aa47 e-con-full e-flex wpr-particle-no wpr-jarallax-no wpr-parallax-no wpr-sticky-section-no e-con e-child\" data-id=\"344aa47\" data-element_type=\"container\">\n\t\t\t\t<div class=\"elementor-element elementor-element-3c52fb3 elementor-widget elementor-widget-image\" data-id=\"3c52fb3\" data-element_type=\"widget\" data-widget_type=\"image.default\">\n\t\t\t\t<div class=\"elementor-widget-container\">\n\t\t\t\t\t\t\t\t\t\t\t\t\t\t\t\t<a href=\"http:\/\/speak-with-engineer.pl\/index.php\/2024\/04\/10\/marketing-fotowoltaiki\/\">\n\t\t\t\t\t\t\t<img loading=\"lazy\" decoding=\"async\" width=\"598\" height=\"337\" src=\"http:\/\/speak-with-engineer.pl\/wp-content\/uploads\/2024\/04\/jdjdjd.png\" class=\"attachment-large size-large wp-image-1014\" alt=\"\" srcset=\"http:\/\/speak-with-engineer.pl\/wp-content\/uploads\/2024\/04\/jdjdjd.png 598w, http:\/\/speak-with-engineer.pl\/wp-content\/uploads\/2024\/04\/jdjdjd-300x169.png 300w\" sizes=\"(max-width: 598px) 100vw, 598px\" \/>\t\t\t\t\t\t\t\t<\/a>\n\t\t\t\t\t\t\t\t\t\t\t\t\t\t\t<\/div>\n\t\t\t\t<\/div>\n\t\t\t\t<div class=\"elementor-element elementor-element-166d73e elementor-widget elementor-widget-text-editor\" data-id=\"166d73e\" data-element_type=\"widget\" data-widget_type=\"text-editor.default\">\n\t\t\t\t<div class=\"elementor-widget-container\">\n\t\t\t\t\t\t\t\t\t<p>Fotowoltanika<\/p>\t\t\t\t\t\t\t\t<\/div>\n\t\t\t\t<\/div>\n\t\t\t\t<\/div>\n\t\t<div class=\"elementor-element elementor-element-198ee80 e-con-full e-flex wpr-particle-no wpr-jarallax-no wpr-parallax-no wpr-sticky-section-no e-con e-child\" data-id=\"198ee80\" data-element_type=\"container\">\n\t\t\t\t<div class=\"elementor-element elementor-element-e7ef0b7 elementor-widget elementor-widget-image\" data-id=\"e7ef0b7\" data-element_type=\"widget\" data-widget_type=\"image.default\">\n\t\t\t\t<div class=\"elementor-widget-container\">\n\t\t\t\t\t\t\t\t\t\t\t\t\t\t\t\t<a href=\"http:\/\/speak-with-engineer.pl\/index.php\/2024\/04\/10\/historia-i-ekonomia-produkcji-samochodow-w-grecji-i-jej-wplyw-na-rynek-w-polsce\/\">\n\t\t\t\t\t\t\t<img loading=\"lazy\" decoding=\"async\" width=\"550\" height=\"267\" src=\"http:\/\/speak-with-engineer.pl\/wp-content\/uploads\/2024\/04\/307372474_368076648874168_5480393789006207564_n.jpg\" class=\"attachment-large size-large wp-image-899\" alt=\"\" srcset=\"http:\/\/speak-with-engineer.pl\/wp-content\/uploads\/2024\/04\/307372474_368076648874168_5480393789006207564_n.jpg 550w, http:\/\/speak-with-engineer.pl\/wp-content\/uploads\/2024\/04\/307372474_368076648874168_5480393789006207564_n-300x146.jpg 300w\" sizes=\"(max-width: 550px) 100vw, 550px\" \/>\t\t\t\t\t\t\t\t<\/a>\n\t\t\t\t\t\t\t\t\t\t\t\t\t\t\t<\/div>\n\t\t\t\t<\/div>\n\t\t\t\t<div class=\"elementor-element elementor-element-d19fcfc elementor-widget elementor-widget-text-editor\" data-id=\"d19fcfc\" data-element_type=\"widget\" data-widget_type=\"text-editor.default\">\n\t\t\t\t<div class=\"elementor-widget-container\">\n\t\t\t\t\t\t\t\t\t<p><span style=\"color: var( --e-global-color-text ); font-family: var( --e-global-typography-text-font-family ), Sans-serif; font-size: var( --e-global-typography-text-font-size ); font-weight: var( --e-global-typography-text-font-weight ); text-align: var(--text-align); letter-spacing: 0.02em;\">Produkcja samochod\u00f3w w Grecji i w Polsce<\/span><\/p>\t\t\t\t\t\t\t\t<\/div>\n\t\t\t\t<\/div>\n\t\t\t\t<\/div>\n\t\t\t\t\t<\/div>\n\t\t\t\t<\/div>\n\t\t<div class=\"elementor-element elementor-element-e18c232 e-flex e-con-boxed wpr-particle-no wpr-jarallax-no wpr-parallax-no wpr-sticky-section-no e-con e-parent\" data-id=\"e18c232\" data-element_type=\"container\">\n\t\t\t\t\t<div class=\"e-con-inner\">\n\t\t<div class=\"elementor-element elementor-element-0a3718b e-con-full e-flex wpr-particle-no wpr-jarallax-no wpr-parallax-no wpr-sticky-section-no e-con e-child\" data-id=\"0a3718b\" data-element_type=\"container\">\n\t\t\t\t<div class=\"elementor-element elementor-element-21cba79 elementor-widget elementor-widget-image\" data-id=\"21cba79\" data-element_type=\"widget\" data-widget_type=\"image.default\">\n\t\t\t\t<div class=\"elementor-widget-container\">\n\t\t\t\t\t\t\t\t\t\t\t\t\t\t\t\t<a href=\"http:\/\/speak-with-engineer.pl\/index.php\/2024\/04\/10\/skutki-ekonomiczne-pandemii-covid-19\/\">\n\t\t\t\t\t\t\t<img loading=\"lazy\" decoding=\"async\" width=\"800\" height=\"546\" src=\"http:\/\/speak-with-engineer.pl\/wp-content\/uploads\/2024\/04\/2024-04-10-10_23_59-Nataniel-Rybczynski-Wiktor-Wozniewski-Wiktor-Mikolajewski-Sebastian-Kuczak-B.png\" class=\"attachment-large size-large wp-image-729\" alt=\"\" srcset=\"http:\/\/speak-with-engineer.pl\/wp-content\/uploads\/2024\/04\/2024-04-10-10_23_59-Nataniel-Rybczynski-Wiktor-Wozniewski-Wiktor-Mikolajewski-Sebastian-Kuczak-B.png 830w, http:\/\/speak-with-engineer.pl\/wp-content\/uploads\/2024\/04\/2024-04-10-10_23_59-Nataniel-Rybczynski-Wiktor-Wozniewski-Wiktor-Mikolajewski-Sebastian-Kuczak-B-300x205.png 300w, http:\/\/speak-with-engineer.pl\/wp-content\/uploads\/2024\/04\/2024-04-10-10_23_59-Nataniel-Rybczynski-Wiktor-Wozniewski-Wiktor-Mikolajewski-Sebastian-Kuczak-B-768x524.png 768w\" sizes=\"(max-width: 800px) 100vw, 800px\" \/>\t\t\t\t\t\t\t\t<\/a>\n\t\t\t\t\t\t\t\t\t\t\t\t\t\t\t<\/div>\n\t\t\t\t<\/div>\n\t\t\t\t<div class=\"elementor-element elementor-element-9aad836 elementor-widget elementor-widget-text-editor\" data-id=\"9aad836\" data-element_type=\"widget\" data-widget_type=\"text-editor.default\">\n\t\t\t\t<div class=\"elementor-widget-container\">\n\t\t\t\t\t\t\t\t\t<p>Sars-Cov-2<\/p>\t\t\t\t\t\t\t\t<\/div>\n\t\t\t\t<\/div>\n\t\t\t\t<\/div>\n\t\t<div class=\"elementor-element elementor-element-7386d19 e-con-full e-flex wpr-particle-no wpr-jarallax-no wpr-parallax-no wpr-sticky-section-no e-con e-child\" data-id=\"7386d19\" data-element_type=\"container\">\n\t\t\t\t<div class=\"elementor-element elementor-element-28de238 elementor-widget elementor-widget-image\" data-id=\"28de238\" data-element_type=\"widget\" data-widget_type=\"image.default\">\n\t\t\t\t<div class=\"elementor-widget-container\">\n\t\t\t\t\t\t\t\t\t\t\t\t\t\t\t\t<a href=\"http:\/\/speak-with-engineer.pl\/index.php\/2024\/04\/10\/mechanicy-w-grecji\/\">\n\t\t\t\t\t\t\t<img loading=\"lazy\" decoding=\"async\" width=\"625\" height=\"413\" src=\"http:\/\/speak-with-engineer.pl\/wp-content\/uploads\/2024\/04\/0009JDOH1N74YHLI-C122-F4.jpg\" class=\"attachment-large size-large wp-image-752\" alt=\"\" srcset=\"http:\/\/speak-with-engineer.pl\/wp-content\/uploads\/2024\/04\/0009JDOH1N74YHLI-C122-F4.jpg 625w, http:\/\/speak-with-engineer.pl\/wp-content\/uploads\/2024\/04\/0009JDOH1N74YHLI-C122-F4-300x198.jpg 300w\" sizes=\"(max-width: 625px) 100vw, 625px\" \/>\t\t\t\t\t\t\t\t<\/a>\n\t\t\t\t\t\t\t\t\t\t\t\t\t\t\t<\/div>\n\t\t\t\t<\/div>\n\t\t\t\t<div class=\"elementor-element elementor-element-b2c99bd elementor-widget elementor-widget-text-editor\" data-id=\"b2c99bd\" data-element_type=\"widget\" data-widget_type=\"text-editor.default\">\n\t\t\t\t<div class=\"elementor-widget-container\">\n\t\t\t\t\t\t\t\t\t<p><span style=\"color: var( --e-global-color-text ); font-family: var( --e-global-typography-text-font-family ), Sans-serif; font-size: var( --e-global-typography-text-font-size ); font-weight: var( --e-global-typography-text-font-weight ); text-align: var(--text-align); letter-spacing: 0.02em;\">Polityka pieni\u0119\u017cna w Grecji<\/span><\/p>\t\t\t\t\t\t\t\t<\/div>\n\t\t\t\t<\/div>\n\t\t\t\t<\/div>\n\t\t\t\t\t<\/div>\n\t\t\t\t<\/div>\n\t\t\t\t<\/div>\n\t\t","protected":false},"excerpt":{"rendered":"<p>Rozw\u00f3j przedsi\u0119biorczo\u015bci na bazie potencja\u0142u regionalnego w Europie &#8211; BLOG Mechanika Przysz\u0142o\u015bci Mechanicy w Grecji i w Polsce Sklepy internetowe a tradycyjne Ekonomia Finans\u00f3w Ekonomia Rozwoju Energia Odnawialna Fotowoltanika Produkcja samochod\u00f3w w Grecji i w Polsce Sars-Cov-2 Polityka pieni\u0119\u017cna w Grecji<\/p>\n","protected":false},"author":6,"featured_media":0,"parent":84,"menu_order":0,"comment_status":"closed","ping_status":"closed","template":"elementor_header_footer","meta":{"footnotes":""},"class_list":["post-1346","page","type-page","status-publish","hentry"],"_links":{"self":[{"href":"http:\/\/speak-with-engineer.pl\/index.php\/wp-json\/wp\/v2\/pages\/1346","targetHints":{"allow":["GET"]}}],"collection":[{"href":"http:\/\/speak-with-engineer.pl\/index.php\/wp-json\/wp\/v2\/pages"}],"about":[{"href":"http:\/\/speak-with-engineer.pl\/index.php\/wp-json\/wp\/v2\/types\/page"}],"author":[{"embeddable":true,"href":"http:\/\/speak-with-engineer.pl\/index.php\/wp-json\/wp\/v2\/users\/6"}],"replies":[{"embeddable":true,"href":"http:\/\/speak-with-engineer.pl\/index.php\/wp-json\/wp\/v2\/comments?post=1346"}],"version-history":[{"count":35,"href":"http:\/\/speak-with-engineer.pl\/index.php\/wp-json\/wp\/v2\/pages\/1346\/revisions"}],"predecessor-version":[{"id":1385,"href":"http:\/\/speak-with-engineer.pl\/index.php\/wp-json\/wp\/v2\/pages\/1346\/revisions\/1385"}],"up":[{"embeddable":true,"href":"http:\/\/speak-with-engineer.pl\/index.php\/wp-json\/wp\/v2\/pages\/84"}],"wp:attachment":[{"href":"http:\/\/speak-with-engineer.pl\/index.php\/wp-json\/wp\/v2\/media?parent=1346"}],"curies":[{"name":"wp","href":"https:\/\/api.w.org\/{rel}","templated":true}]}}